0 = -3*t + 5*m + 1019, 3*t - 448 = l*m + 575. What is the hundreds digit of t?
3
Let w be -3*((-3)/(-7) - 222/126). What is the tens digit of w/(8/9)*58*4?
4
Let b(n) = 862*n - 50. Let s be b(3). Let a = s - 1760. What is the tens digit of a?
7
Let n be (1191/(-12))/((-1)/12). Suppose -4*p + 257 = -n. What is the units digit of p?
2
Let n(q) = -314*q + 186. What is the thousands digit of n(-31)?
9
Suppose -26*s = -12*s - 42. Suppose s*t - 300 + 2989 = 4*w, w + 2*t - 686 = 0. What is the tens digit of w?
7
Let l(b) = 90*b**2 - b - 1. Let h be l(-1). Let i be 39 + -42 + 5 + 1. What is the hundreds digit of ((-226)/(-10))/(i/h*6)?
1
Let t = 175 - 107. Let k = 330 + t. What is the tens digit of k?
9
Suppose -4*t = 3*o - 52520, 0 = 2*o + 4*t - 5182 - 29830. What is the ten thousands digit of o?
1
Let d = -293 - -500. Let t = -345 + d. Let b = 260 + t. What is the units digit of b?
2
Suppose 8 = -2*o, 0 = -2*t + 17*o - 14*o + 32. Suppose 4*s + 101 = 3*u, -t*u + 6*u + 145 = 5*s. What is the tens digit of u?
3
What is the units digit of (0*5/35)/(-7) + 21743 + 2?
5
Suppose 0*c - 24 = 4*c. Let z(q) = -3*q**2 - q + 8. Let l be z(c). Let t = l - -136. What is the tens digit of t?
4
Let j(a) = 6*a - 20. Let q be j(5). Suppose 4*r - q*r + 30 = 0. Suppose 5*c - r*w = 440, -5*w - 352 = -10*c + 6*c. What is the units digit of c?
8
Let r = -2195 + 9536. What is the hundreds digit of r?
3
Let g(n) be the first derivative of n**4/4 + 2*n**3 - 7*n**2 - 19*n + 15. Let l be g(-8). What is the units digit of (-574)/l - (-4)/(-10)?
6
Let l(n) = 1097*n - 1363. What is the thousands digit of l(13)?
2
Let u be (-3)/(((-9)/374)/(-3)). Let v = -280 - u. What is the tens digit of v?
9
Suppose -23*w + 48*w - 8*w = 750108. What is the ten thousands digit of w?
4
Suppose 215*y - 9 = 212*y. Let h(w) = 2*w**2 - 5*w**2 + 6*w**2 - 13 + w**y + 8*w - 5*w**2. What is the tens digit of h(6)?
7
Suppose -2*w = -d + 55, -4*w - 86 - 71 = -3*d. Suppose d*k - 52*k + 1360 = 0. What is the tens digit of k?
7
Suppose -2*v - 4*o + 148 = 0, 0 = 9*o - 10*o. Let w be (-6)/15 - 27/(-5). Suppose w*a - v - 71 = 0. What is the tens digit of a?
2
Let u be (-3)/(-6)*(4 - 0). Suppose -4*r = u*m - 12, 13 = 5*r + 2*m - 1. Suppose r*s - 10*s = -600. What is the tens digit of s?
7
Let w(h) = h**3 + 13*h**2 - 16*h - 99. Let b be w(-10). Let c = b - 124. What is the units digit of c?
7
Let b = 90 - -550. Let u = 972 - b. What is the hundreds digit of u?
3
Let w(f) be the third derivative of 2*f**5/15 - 5*f**4/6 + 2*f**3/3 + 6*f**2 + f. What is the tens digit of w(14)?
9
Suppose 1071 = j + d, 4*j + 6*d - 4284 = 9*d. Suppose 11585 + j = 8*l. What is the hundreds digit of l?
5
Let i be 250 - (0 + -4) - -2. Suppose -z = 4*a - i, 4*z - 36 - 1060 = 2*a. What is the units digit of 1/((-2)/z*-2)?
8
Suppose 4*y + 1014 = -346. Let k = 9397 + -9631. Let d = k - y. What is the units digit of d?
6
Let q(h) = -34091*h + 861. What is the tens digit of q(-1)?
5
Suppose -4*z = -20, 3*z + 3650 = -5*o - 400. Let d = 1379 + o. What is the hundreds digit of d?
5
Let k = 19940 - 10549. What is the tens digit of k?
9
Let g = 84937 - 15100. What is the tens digit of g?
3
Suppose -217*q - 261*q + 532*q - 815076 = 0. What is the hundreds digit of q?
0
What is the hundreds digit of (253815/12)/5 - (1 + (-7)/(-28))?
2
Let y(s) = -201*s**3 - 3*s**2 + 11*s + 62. What is the ten thousands digit of y(-4)?
1
Let g = 35151 + -17133. What is the thousands digit of g?
8
Let f(u) = -u**2 + 45*u + 15. Let g be f(19). Let l = g + -277. What is the hundreds digit of l?
2
What is the tens digit of 1394/(-16)*-78 + (-8)/(-32)?
9
Let l be 325/2 - 6/(-4). Let p = 299 - l. What is the tens digit of (21/(-9) - -1)*p/(-2)?
9
Let g(r) = -r**3 + 12 + 44*r**2 - 2*r - 39*r**2 + 0*r**3. Let z be g(5). Suppose -3*y = 3, z*x + 2*y = -y + 45. What is the tens digit of x?
2
Let p be 279/(-36) - 5/20*1. What is the tens digit of (5058/24)/((-3)/p)?
6
Suppose 37*c - 38*c = -2*f + 43280, 5*f = -3*c + 108189. What is the ten thousands digit of f?
2
Suppose 38*n - 43*n + 2*a + 24003 = 0, 0 = -5*n - 5*a + 24045. What is the tens digit of n?
0
What is the units digit of (-40)/380 - 300738/(-57)?
6
Suppose -290*l + 3587282 = -3448698. What is the ten thousands digit of l?
2
Suppose 5*o = 2*r - 63, -9*o = -5*r - 5*o + 132. Suppose r = 4*z - 4*u, 0 = 2*z - 6*z + 3*u + 24. Suppose z*s - 385 = 683. What is the hundreds digit of s?
1
Let d = -208 - -312. Suppose h - 51 = 2*q, -2*h - 4*q + 30 = -d. Suppose r + h = -4*p + 514, 485 = 4*p - 5*r. What is the units digit of p?
5
Let y(c) = 2952*c**2 + 16*c + 39. What is the hundreds digit of y(-3)?
5
Suppose 5*g = -3*q + 35, -3*q + 11 = -g - 18. What is the tens digit of (-456)/q*(-300)/90?
5
Suppose -5*k = -t + 2*t - 7065, k + 91515 = 13*t. What is the tens digit of t?
4
Let n(f) = f**3 - 4*f**2 + 11*f. Let s be n(13). Suppose 0 = 82*p - 78*p - s. What is the tens digit of p?
1
Let a = -12 - -15. Suppose a*n - m - 1235 = 0, -4*n = -m - 1006 - 639. What is the hundreds digit of n?
4
Suppose g - 6*g + 3*x - 39 = 0, x - 33 = 5*g. Let m be g*((-27)/6 - -4). Suppose -q + 4 = 0, 6*q + 564 = 4*t + m*q. What is the tens digit of t?
4
Let i(j) = -3*j**3 + 13*j**2 - 8*j - 48. Let q be i(-10). Suppose -4*s = -q + 16. What is the thousands digit of s?
1
Let z(n) = -23*n - 45. Let j(g) = -46*g - 92. Let x(d) = 3*j(d) - 7*z(d). Let i(q) = q**2 + q - 1. Let r(k) = i(k) + x(k). What is the hundreds digit of r(-28)?
1
What is the thousands digit of (-30)/(-9)*(-8 - (-8990)/25)?
1
What is the ten thousands digit of ((-2881)/(-201))/((-2)/(-2562))?
1
Let u be 1/((-6)/6) - -637. Suppose -j = 2*g - 78 - 44, -u = -5*j + 3*g. What is the hundreds digit of j?
1
Suppose 4*s + 5*a = 5*s - 21, 0 = -3*a - 15. What is the tens digit of (s + 8)*1*-1 - -149?
4
Let l(n) = -785*n**3 - 24*n**2 - 7*n. What is the units digit of l(-4)?
4
Let u be (-5)/1 + (-94)/(-3)*15. Let z = u + -160. What is the hundreds digit of z?
3
Let c(u) = 2*u. Let p(s) = s**2 + 43*s + 138. Let z(w) = 4*c(w) - p(w). What is the units digit of z(-20)?
2
Let q(u) = 3*u**2 - 9*u - 7. Let m(j) = -2*j**2 + 9*j + 7. Let c(i) = 2*m(i) + 3*q(i). Let a(y) = -8*y - 122. Let o be a(-16). What is the units digit of c(o)?
9
Let k(l) = 470*l**2 - 7*l - 44. What is the units digit of k(4)?
8
Let z be (-5)/1 - (-22 - -23). Let d(i) = -2*i**2 + 6*i + 12. Let r(a) = 8*a**2 - 23*a - 47. Let t(j) = -9*d(j) - 2*r(j). What is the units digit of t(z)?
6
Let z = -11 - -5. Let r be (-3 - -24)/3 + z/(-2). Suppose 5 + 15 = r*g. What is the units digit of g?
2
Suppose -10170089 + 3102369 = -220*f. What is the thousands digit of f?
2
Let h(j) = 8*j**3 + 3*j**2 - 21*j + 159. What is the units digit of h(9)?
5
Let i = 26574 + -10210. What is the tens digit of i?
6
Suppose -r = -0*r - 6. Suppose 4*b - 4 = r*b. What is the units digit of ((-47)/b)/(6/12)?
7
Suppose 0 = 18*v - 17*v + 29. Let y(t) = 6*t**2 - t**3 - 23*t**2 + 5 - 12*t**2 - 7*t + 2*t. What is the hundreds digit of y(v)?
1
Suppose 3*m - 61092 = -3*f, 4*m - 45*f - 81484 = -42*f. What is the hundreds digit of m?
3
Suppose 2*y = c + 44, -y - 153 + 42 = 3*c. Let o = 42 + c. Suppose 5*a = o*s + 1373, a + 548 = 3*a - 2*s. What is the hundreds digit of a?
2
Let h(v) = 49*v + 40*v + 4*v - 15*v + 4. What is the tens digit of h(7)?
5
What is the thousands digit of ((-18)/(-27))/(8/((-440160)/(-1)))?
6
Suppose d + 0*d = 20. Suppose 3*r = 8*r - d. Suppose 237 - 53 = r*w. What is the tens digit of w?
4
Let l = 8186 - 3860. Suppose -8*m + m = -l. Suppose -m = -5*q + 7. What is the hundreds digit of q?
1
Let j(k) = -k**3 + 2*k**2 - 14*k - 15. Let p be j(-6). Suppose 1028 = 5*z - p. Let d = 421 - z. What is the units digit of d?
4
Let h = 601 + -590. Suppose -11416 = -h*k + 2433. What is the thousands digit of k?
1
Let o(n) = -2*n + 7. Let p be o(2). Suppose 549 = -p*g + 2271. What is the hundreds digit of g?
5
Suppose 3*w = -0*w + 3*p - 1269, 5*w + 2105 = 3*p. Let l = -327 - w. What is the units digit of l?
1
What is the thousands digit of 11867 - -170 - ((-6)/15)/(1/5)?
2
Let b = -273 - -255. What is the tens digit of 2 - (-2180)/18 - (-2)/b?
2
Let n(t) = 22*t**2 + 14*t - 13. Let b(a) = a**3 + 5*a**2 + 2*a + 14. Let w be b(-5). What is the hundreds digit of n(w)?
3
Supp